n c is divided by 18?
12
Suppose 2*o = -5*b + 875, 4*o + 672 = 6*b - 2*b. Calculate the remainder when b is divided by (-8)/(-20) - 456/(-10).
35
Let k be (-12)/(-3)*(-5)/20. What is the remainder when ((-4)/(-10))/(1/155) is divided by k - ((-5 - -5) + (3 - 17))?
10
Suppose -r + 4*l = -65, -80*r + 83*r - 2*l - 145 = 0. Let h(s) = -s**3 + 6*s**2 + 3*s - 6. Calculate the remainder when r is divided by h(6).
9
Let w = 191 + -197. Let g(x) = -6 + 4 + x**3 + 7*x**2 - 2 + 3*x. Calculate the remainder when 26 is divided by g(w).
12
Let u(z) = 2*z**3 + 25*z**2 + 11*z - 22. Let v be u(-12). What is the remainder when 61 is divided by 27/(-135) - 132/v?
9
Let o(w) = -4*w + 9. Suppose 3*a + 0*r + 27 = 3*r, -5*r = -3*a - 17. Calculate the remainder when o(a) is divided by (-1)/3 + (-312)/(-18).
14
Let w(d) = 2*d**2 - d - 1. Let h be w(2). Suppose 0 = h*z + t - 12, 2*z - 6 - 12 = 4*t. What is the remainder when 25 is divided by z?
1
Suppose 1485 = -367*p + 368*p + y, 5*p - 3*y = 7449. What is the remainder when p is divided by 65?
58
Suppose 11 + 49 = 20*w. Let y(t) = -4*t + 1. Let c be y(-1). Suppose -3*z + 5*j = -c, -z - w*z + 5*j = -15. What is the remainder when 39 is divided by z?
9
Let r(o) = -3*o**2 + 93*o + 57. Calculate the remainder when 1365 is divided by r(31).
54
Suppose -4*a - 3*i = 25, 19*a - 20*a - 3 = 4*i. Calculate the remainder when (3 - (-62)/(-4))/(a/70) is divided by 19.
11
Let a = 1258 + -1196. Let m = -27 + 94. Let h = m - a. Calculate the remainder when 38 is divided by h.
3
Suppose 381 = 5*j - 2*g, -5*j + 322 = 3*g - 44. Suppose -4*b + 90 = 290. Let z = -31 - b. Calculate the remainder when j is divided by z.
18
Let r = -207 + 422. Let w = r - 164. Calculate the remainder when w is divided by 9.
6
Let z = -10326 + 10434. Calculate the remainder when z is divided by 19.
13
Let v(o) = -14*o - 81. Let w be v(-6). Calculate the remainder when 1*w*275/15 is divided by 20.
15
Let x(q) = 12*q**3 - q**2. Let v be x(1). Suppose 5*f = 31 - v. What is the remainder when 64 is divided by (96/(-20) + f)*110/(-4)?
20
Suppose 2*y = 2*d - 4*d + 128, -3*d = -15. What is the remainder when y is divided by (60/(-16))/(-15)*13/(-2)*-8?
7
Suppose 5*v - 5400 = -15*v. Suppose -8*f = -23*f + v. Calculate the remainder when f is divided by 15.
3
Let k = 66 + -22. Let s(m) = 36*m - 13. Let w be s(6). Let b = -191 + w. What is the remainder when k is divided by b?
8
Let v = 2235 + -1903. Calculate the remainder when v is divided by 99.
35
Suppose 4*p = -3*g + 477, -4*g + 27*p + 626 = 29*p. What is the remainder when 3874 is divided by g?
154
Let k(i) = -59*i**2 - 902*i + 48. What is the remainder when 647 is divided by k(-15)?
41
Let p = 4465 - 3472. Calculate the remainder when p is divided by 93.
63
Let w = -1005 + 1010. Let q(l) be the third derivative of l**5/60 - l**4/24 + 23*l**3/6 - l**2. What is the remainder when 82 is divided by q(w)?
39
Let g = 17 + -17. Let k be 232 + g + (-6 - -11). Suppose k = 8*d - 5*d. What is the remainder when d is divided by 28?
23
Let x = -8 + 8. Suppose x = -2*v + 4*s + 46, v + 0*s = -2*s + 27. Let b = 10641 + -10625. Calculate the remainder when v is divided by b.
9
Suppose 0 = 65*a - 72*a + 203. Calculate the remainder when 125 is divided by a.
9
Calculate the remainder when 1055904/680 - (-12)/10 is divided by 160.
114
Let i = 14678 - 14631. What is the remainder when 88 is divided by i?
41
Suppose -61*q + 31111 = -89791. Calculate the remainder when q is divided by 495.
2
Let o = 98 - 57. Suppose 7*v - 5*v + 3*c - o = 0, -v + 1 = -5*c. Suppose 6*l - v = 122. What is the remainder when 42 is divided by l?
19
Suppose 2*c - 10 = 0, -42 = -n - 9*c + 4*c. Let x(o) = 5*o - 19. Let h be x(13). Suppose -p = -1 - h. What is the remainder when p is divided by n?
13
Let w be 2931/(-39) - 1/(78/(-12)). Calculate the remainder when 40 is divided by 15/(-6)*(-320)/w*-3.
8
Let t(u) = 109*u - 1214. Calculate the remainder when t(14) is divided by 16.
8
Let s = 12653 - 12258. What is the remainder when s is divided by 28?
3
Suppose 4*u - u - 44 = -5*m, -5*u = 4*m - 95. What is the remainder when 53 + (9 - (6 + -16 + 7)) is divided by u?
19
Let u(p) = 2*p - 52. Let y be u(26). What is the remainder when y + (-1960)/(-7) - 6 is divided by 71?
61
Calculate the remainder when 507 is divided by -5*8/(-20)*-3 - 185/(-5).
11
What is the remainder when 4*(7 - 3258/(-15))*(-15)/(-6) is divided by 102?
100
Let d = 5369 - 5278. What is the remainder when 484 is divided by d?
29
Let l = -57 + 82. Suppose 65*k - 64*k - l = 0. Suppose 9*m - 14*m + 425 = 0. Calculate the remainder when m is divided by k.
10
Let w be 4 + 8/(-2) + -26. Let g be 4/(-2)*1079/w. Suppose 5*c + g = 3*x, 0 = -2*x - 0*c + 2*c + 50. Calculate the remainder when 41 is divided by x.
20
Let f(b) = -9*b - 50. Let o be f(-6). Suppose 3*v - 3*l - 19 = 74, o*v - 169 = -5*l. What is the remainder when v is divided by (5/10)/(4/152)?
17
Let r(a) = 2*a**2 - a - 8. Let o be r(14). Suppose 8*w - 3*w = o. What is the remainder when w is divided by 6/2 - (-1 - 9)?
9
Suppose -d + 15*p + 4042 = 10*p, 0 = 3*d - 5*p - 12196. Calculate the remainder when d is divided by 30.
27
Suppose 4*y + 7 = -3*o + 131, 11*o = 4*y - 68. What is the remainder when 302 is divided by y?
22
Let t = -198 + 547. Let f = 388 - t. Calculate the remainder when 152 is divided by f.
35
Suppose -5*h + s + 306 = 0, 23*h + 178 = 26*h + 5*s. What is the remainder when h is divided by 8?
5
Suppose -9*a = -4*a - 570. Calculate the remainder when (-3 - -1)*(-142)/4 is divided by (1*-2)/(6*(-2)/a).
14
Let n = 203 + -20. Let r be (31/3)/(8/3 + -3). Let u = 68 + r. Calculate the remainder when n is divided by u.
35
Let w = 65 - -5. Suppose -3*c = g - 23 - 34, 4*c - 96 = 2*g. Calculate the remainder when w is divided by c.
7
Suppose -5 = s, -10*s - 54 = -2*h - 14*s. Suppose -235 = -6*g - h. What is the remainder when 91 is divided by g?
25
Suppose 2*s = -l + 107, -2*l + 102 + 103 = s. Suppose -b + 4*a = -272, -5*b + 691 = a - 585. Let r = 290 - b. What is the remainder when l is divided by r?
33
Let j = 118 + 521. Let f = -540 + j. What is the remainder when f is divided by 51?
48
What is the remainder when 1605 is divided by 84672/792 - (3 + 102/(-33))?
0
Suppose -f - 2*f - p + 616 = 0, -2*f - 3*p + 413 = 0. Calculate the remainder when f is divided by (-40)/25 - 42/30 - 7 - -77.
4
Suppose n = -5*n + 208 + 14. Calculate the remainder when 184 is divided by n.
36
Let n(u) = -u**3 + 6*u**2 + 6*u - 6. Let y be n(5). Suppose -3*a = -y + 19. What is the remainder when 109 is divided by a?
9
Let o = 197 - 200. Let u(g) = -4*g**3 - g**2 + 2*g + 2. What is the remainder when u(o) is divided by 8?
7
Let h(o) = -o**3 + 19*o**2 - 34*o - 17. Let v be h(18). What is the remainder when 3/(-2 - 615/v) is divided by 11?
7
Let s be (-2)/(-77)*84 + (-2)/11. Let n(l) = l**3 + 7*l**2 + 3*l + 2. Let m be n(-3). Suppose -m - 93 = -s*q. What is the remainder when q is divided by 32?
29
Let m(o) = -2*o + 50. Let y(w) = -4*w + 101. Let t(v) = 5*m(v) - 2*y(v). What is the remainder when (3/2)/(6/32) is divided by t(21)?
2
Suppose -d - 2*v - 2*v = -52, 231 = 3*d - 3*v. What is the remainder when d is divided by 27/1 + (6/1 - 27/9)?
12
Suppose 2*b - 190 = -13*b + 35. Calculate the remainder when 622 is divided by b.
7
Let c(i) = i**3 - 7*i**2 + 7*i - 5. Suppose 3*g = 3*f - 531, 4*g + 534 = 6*f - 3*f. What is the remainder when f is divided by c(7)?
42
Let o(a) = -19*a**3 + 4*a**2 - a - 2. What is the remainder when 103 is divided by o(-1)?
15
Let d(q) = 6*q**3 - 2*q**2 - 238*q + 474. What is the remainder when 328 is divided by d(2)?
24
Let a(l) = -l**2 + 23*l - 1. Let u be a(18). Let d = u - 61. Suppose -3*g + 98 = 5*m, -3*m = -0*m + 3*g - 60. Calculate the remainder when d is divided by m.
9
Let m = -134 + 138. Suppose 0 = 4*p - 2*k - 125 - 95, m*k = -2*p + 120. What is the remainder when p is divided by 15?
11
Let a be 7/7*(-247 - -6). Let r = 390 + a. What is the remainder when r is divided by 50?
49
Suppose 0 = 4*g - 1 - 23. Let z(b) = -7*b**2 - 4*b + 2. Let y(v) = -v**2 - v - 1. Let n(p) = 6*y(p) - z(p). Calculate the remainder when n(6) is divided by g.
4
Suppose -6*q + 5*q + 46 = 0. Let k = 105 - q. Suppose 3*j - 305 + k = 0. What is the re